t of (-20)/(-25)*(-175)/(-2)?
7
Suppose -h = -4 + 1. Let m = h - -5. Suppose 3*d = m*d - 30. What is the units digit of d?
6
Let u = -23 - -32. Suppose -r - 2*r + u = 0. Suppose -5*v = -3*f - 49, -2*v + 0*v - r*f = -28. What is the units digit of v?
1
Let f(m) = m**3 - 17*m**2 - 4*m - 44. What is the hundreds digit of f(18)?
2
Let q(g) = -g**2 - 6*g + 3. Let u be q(-6). Let h = 24 - u. What is the units digit of h?
1
Let z = 90 + -59. What is the units digit of z?
1
Let s(f) = -f**3 + 6*f**2 + 8. Let a be s(6). Suppose -h - 3*h = -a. Suppose -z = -4*d + 18, -h = 5*z + 2*d - 22. What is the units digit of z?
2
Let z be (8/6)/2*6. Suppose s + z*x = 0, -5*x = 2*s - 2*x + 10. Let g = -3 - s. What is the units digit of g?
5
Let g(f) = -f**3 + 2*f**2 + 3*f - 4. Let u be g(3). Let i be ((-6)/(-4))/(3/(-8)). What is the units digit of i/(-6) - u/3?
2
Suppose 2*b + 19 = 3*b. What is the units digit of b?
9
Let q = -30 + 27. What is the units digit of 213/15 - q/(-15)?
4
Suppose -2*h + 12 = h, 3*p - 50 = 4*h. Suppose 14 = 4*i - p. What is the units digit of i?
9
Suppose -d + 0*d = -22. Suppose 0 = -2*f + d - 4. What is the units digit of f?
9
Let j(f) = -12*f + 14. What is the units digit of j(-7)?
8
Let x = -6 - -9. Suppose 2*c + 2*p - 3 = 7, -x*c - 5*p + 7 = 0. What is the units digit of c?
9
Let h(i) = -4*i + 4. Let z(y) = 8*y - 9. Let v(b) = -9*h(b) - 4*z(b). Let u be v(2). What is the units digit of ((-1)/(-2))/(4/u)?
1
Suppose 0 = -3*s + 294 - 39. What is the units digit of s?
5
Let g(j) = -j**3 + 12*j**2 - 4*j - 11. What is the tens digit of g(11)?
6
Suppose 82 = -4*r + 414. What is the tens digit of r?
8
Suppose l = 3*l + 8. Let w(t) = -t**3 - 6*t**2 - 5*t + 4. Let q be w(l). What is the tens digit of 15/2*q/(-5)?
1
Let j(a) = 7*a - 2. Let l be j(8). What is the tens digit of (3/(-2))/(-3)*l?
2
Let z(g) = g**3 + 6*g**2 + 5*g + 5. Let n be z(-5). Suppose -3 = -n*w + 7. What is the units digit of w?
2
Suppose 0*l = 3*l - 18. Let o = 8 - l. Suppose 10 + 5 = -2*r + 5*u, 4*r - o*u = 10. What is the units digit of r?
5
What is the hundreds digit of (-9)/((-498)/(-516) - (2 - 1))?
2
Let u = -3 - -3. Suppose 3*s - 40 = 5*g, 4*s = -u*s + 4*g + 64. What is the tens digit of s?
2
Let a = 5 - 15. Let l = a + 7. Let w(u) = u**3 + 4*u**2 - 2*u - 3. What is the units digit of w(l)?
2
Let y be 3/(-12) + 42/8. Suppose 0 = y*t - 4*t - 6. Suppose -l + 3*l = t. What is the units digit of l?
3
Let j(r) = r + 1. Let o be j(2). Let m(v) = -3*v + o*v - v + 6. What is the units digit of m(4)?
2
Suppose -c = 2*x - 10, -2*x + c = 3*c - 12. Let l = -25 - -36. Suppose -3*p - 2 = x*t - 5*p, 4*t - 5*p + l = 0. What is the units digit of t?
1
Suppose 0 = -4*f + 2*x + 18, x + 0 = -5*f + 5. Suppose -f*k = s - 14, -4*s + 2 = -2*k - 4. Let i = s + -3. What is the units digit of i?
1
Suppose -5*j = 2*s + 20, 3*s + 8 + 8 = -4*j. What is the tens digit of 18 - 0/(3 - s)?
1
Let a = 582 + -291. What is the tens digit of a?
9
Suppose 185 = 4*c + c. Let p = c + -17. What is the tens digit of p?
2
Let o(m) = m**2 + m - 4. Let k be o(-3). Suppose -k = d - 8. What is the units digit of d?
6
Let w(q) = 6*q + 1. Suppose 0*g - 4 = -4*g. What is the units digit of w(g)?
7
Suppose 0 = -5*u - 2*g - 2*g + 692, u = 5*g + 121. What is the hundreds digit of u?
1
Let c(x) = -2*x + 7. Let a be c(-5). Suppose -3*g + 5 = -i, -4*g - 3*i + 7 = -a. Suppose -t + g*t - 30 = 0. What is the units digit of t?
5
What is the units digit of 198/4*(-6)/(-9)?
3
Suppose w + 2*w = 3. Let y(g) = -2*g**3 + g**2 + g - 1. Let p be y(w). Let s(x) = -7*x**3 + 2*x + 1. What is the units digit of s(p)?
6
Suppose -5*x - 10 = 0, -x - 3*x - 76 = -2*b. What is the units digit of b?
4
Let n(l) be the first derivative of -l**4/2 - l**2/2 - l + 4. Let v be n(-1). Suppose -3*x - 9 = -v*u + 31, -10 = -u - x. What is the units digit of u?
4
Suppose m + 10 = r, -3*m = 4*r - 6 + 1. Suppose r*f + 0*f - 220 = 0. What is the units digit of f?
4
Let f = -1 - 0. What is the tens digit of (-3)/f - (-2 - 15)?
2
Suppose -29 = -2*w + 3. What is the units digit of w?
6
Let s be 1/3 + (-280)/(-42). Suppose v - s = 17. What is the tens digit of v?
2
Let o(a) = 2*a + 10. Let s be o(-9). Let g(i) = -i**3 - 9*i**2 - 7*i + 11. What is the units digit of g(s)?
3
Suppose 2*t - 2*o - 42 = 0, -t + 3*t - 58 = -2*o. What is the tens digit of t?
2
Suppose 2*r + 2 = 10. Suppose -2 = -3*z + r*d + 24, -16 = 2*z + 4*d. Let u = 7 - z. What is the units digit of u?
5
Let f(h) = 12*h + 64. What is the units digit of f(13)?
0
Let p be (-36)/(-3*3/30). Suppose 3*j - p = j. What is the units digit of (3/(-6))/((-2)/j)?
5
Suppose 2*k + 5*x - 66 = 0, k + 4*k - 231 = 4*x. Suppose 5*l = k + 22. What is the units digit of l?
3
Suppose 4*w = s - 11, 0 = s - 3*s - 3*w + 77. What is the units digit of s?
1
Suppose 6*l - 4*l - 8 = 0. Let w be (-2)/l + 3/6. Suppose 6 = 3*o - w*o. What is the units digit of o?
2
Let n be 8/3*12/8. Suppose -6 = -b + 3*w, -5*b - n*w - 3 = -14. Let g(m) = m**2 + 3*m - 3. What is the tens digit of g(b)?
1
Suppose 5*f + 22 = 2. Let i = 0 - f. What is the units digit of i?
4
Suppose -3*o = -4*l + 16, -5*l + 3*o + 23 = -0*l. Suppose 3*m - 8 = 7. Suppose -l = -c + m. What is the tens digit of c?
1
Let a = 109 - 91. What is the units digit of a?
8
Suppose 95 = 2*x + x + 2*q, 0 = x + q - 33. Suppose 4*i + x = 129. What is the units digit of i?
5
What is the units digit of 19/(-95) + (-201)/(-5)?
0
Suppose -5*k - 81 = 4*y, -5*y = -4*k - y - 72. Let q = k + 22. What is the units digit of q?
5
Let g(b) = b. Let d be g(2). Let u = 2 + d. Suppose -59 = -u*s - 15. What is the tens digit of s?
1
Let k be (-19)/2*(1 - 3). Suppose t + k = 53. What is the units digit of t?
4
Let v(w) = -24*w + 4. What is the tens digit of v(-3)?
7
Let s(n) = -n**2 + 4*n**2 - 10 - 4*n**2 - 9*n - 2*n. Let g be s(-10). Suppose g = -v + 1 + 7. What is the units digit of v?
8
Let j(w) = w + 5. Let i be j(0). Suppose 0 = i*g - g - 48. What is the tens digit of g?
1
What is the units digit of 72*(40/(-12) - -4)?
8
What is the hundreds digit of (-3 - (-981)/5) + (-2)/10?
1
Suppose -9*l + 51 = -8*l. What is the tens digit of l?
5
Suppose 4*r = 2*r + 18. What is the tens digit of r/(-3) - (1 + -18)?
1
Let c(u) = -6*u**3 - 5*u**3 - 3*u + 4*u + 1. Let d be c(-1). What is the units digit of (-1 - (-2 + 0))*d?
1
Suppose 0 = -2*w - 3*w. Suppose 2*s - 48 = 4*p - 2*s, w = -2*p - 4*s - 12. What is the units digit of (5/2)/(-5)*p?
5
Let m(g) = g**3 - 13*g**2 - 3. Let u(q) = -q**3 + 12*q**2 + 3. Let x(r) = 6*m(r) + 7*u(r). Let o be 1/((2 + 0)/12). What is the units digit of x(o)?
3
Let k(p) = -36*p + 6. What is the units digit of k(-10)?
6
Let t = -1 + 3. What is the units digit of t/(((-6)/(-9))/1)?
3
Let g = 145 + -38. What is the hundreds digit of g?
1
Let h = 18 - 16. Suppose -4*y + 55 = 4*p - 133, h*y - 6 = 0. What is the tens digit of p?
4
Suppose 3*j = 5*j - 16. Suppose h - 2 = s, 2*s - 6*h + j = -3*h. Suppose s = -i + 3, -3*o + 11 = 2*i. What is the units digit of o?
3
Suppose 35 = 4*p + 11. Suppose 1 = 5*y - 9. Suppose -g = y - p. What is the units digit of g?
4
Let x(a) = 98*a**2 - 3*a - 4. What is the tens digit of x(-1)?
9
Let a be 4 + -3 - -5 - 2. Suppose -4*q + 6*q - a = 0. What is the units digit of 9 + (q - 1) - 2?
8
Let y be (2*3)/(1 - -1). What is the units digit of (-4)/(y*(-2)/9)?
6
Suppose 4*w = 3*m - 2, 8*w - 3*w - 2*m + 6 = 0. Let f(r) = r - 2. Let i be f(8). What is the units digit of i/(-3)*1/w?
1
Suppose -3*b = -5*b + 8. Suppose 3*r + r + b*i - 52 = 0, 4*r - 5*i - 70 = 0. What is the units digit of r?
5
Let o(z) = -z**3 - 8*z**2 - 7*z + 5. Let q be o(-7). Suppose -q*l - 4 = 11. What is the units digit of 2/l - (-5)/3?
1
Let q(i) = -i. Let k be 3 - ((-3)/1 + 8). Let l be q(k). Suppose -6*b + 24 = -l*b. What is the units digit of b?
6
Suppose -3*w - w = 12. Let c = 4 + w. Let f = c + 7. What is the units digit of f?
8
Let a = -34 + 23. Let h = 21 + a. What is the tens digit of h?
1
Let s(c) = 0*c**3 + 0*c**3 + 2*c - 11*c**2 + c**3 - 14. Let l = 19 + -8. What is the units digit of s(l)?
8
What is the units digit of 1/5 + 4344/30?
5
Let g = 2 - 2. Suppose g = -3*u + 3*x + 3, u = -2*u + x + 5. Let t(p) = 4*p**2 - 2*p + 1. What is the tens digit of t(u)?
1
Suppose 118*s - 117*s =